t common divisor of l and 9?
9
Suppose 4*s - 5 = 3. Suppose -s*t + 9 = -127. Calculate the greatest common divisor of 17 and t.
17
Suppose -w + 22 = j, 0*j - 2*j = -3*w - 39. What is the greatest common divisor of j and 231?
21
Let d = 28 + -19. Suppose 0 = -5*a + 10 + 80. Calculate the highest common divisor of d and a.
9
Let g be (-21 + 1)/(1/(-2)). Suppose -3*o - 15 = -6*o. Let t be (o/3)/(3/9). Calculate the highest common factor of g and t.
5
Let c be (11/2)/((-2)/(-8)). Let m(t) = t**3 + t + 1. Let y be m(-1). Let a be 66/12*(y + 3). Calculate the greatest common divisor of a and c.
11
Suppose 5*h + 2*t = 39 + 169, -212 = -5*h + 2*t. What is the highest common factor of h and 6?
6
Suppose -2*g = -g + 14. Let w be (g/(-4))/((-2)/(-104)). What is the highest common factor of 26 and w?
26
Let d(p) = -p**2 - p + 5. Let h be d(0). Suppose -u + h*l = -50, u = 2*u - 3*l - 44. What is the highest common factor of 5 and u?
5
Let l be 4/6 - (-13)/3. Suppose -2*h = -258 - 190. Suppose 0*q = -4*q + s + h, -q = l*s - 56. What is the greatest common divisor of 8 and q?
8
Suppose 5*d - 2*x - 3 = 1, d - 2*x = -4. Suppose d*y + y - 180 = 0. Calculate the greatest common divisor of y and 15.
15
Suppose -5*o + 5 = -5*w, -3*w + 4*o - 4 = -2*w. Suppose w = -3*t + 45 + 39. Calculate the greatest common divisor of t and 4.
4
Let d = -21 - -49. What is the greatest common divisor of d and 42?
14
Suppose 5*y + 24 = 3*h, -2*h + y + 6 = -3. Let g be 4/6 + (-1)/(-3). Let j be (15*-1)/(0 - g). Calculate the highest common factor of h and j.
3
Suppose -3*h + 2*i + 5 + 2 = 0, -2*h + 4*i = -2. Suppose 0 = -q + h*q - 3*n - 348, 5*q - n - 857 = 0. What is the greatest common divisor of 19 and q?
19
Let w be 1/((2/22)/(-1)*-1). What is the greatest common factor of 1 and w?
1
Let k = 0 - -4. Suppose b = 3*s + 15, -4*s - 2*b - 36 = s. Let n = s - -8. What is the highest common factor of k and n?
2
Let v be -1 - -2*2 - 0. Suppose -v = -t, -4*w = -0*w + 2*t - 226. Calculate the highest common factor of w and 22.
11
Let n be 4/8*(-2 - -2). Let p be 3 - n - 3 - -6. What is the greatest common factor of p and 4?
2
Suppose -2*h - 5*k + 459 = -0*h, 0 = -3*h - k + 721. What is the highest common divisor of 22 and h?
22
Let q(f) = f**2 - 11*f + 3. Let v be q(11). Suppose 2*p - 1 = v. Calculate the highest common factor of p and 4.
2
Let t = 5 - 3. Suppose j + 4*d + 8 = 0, 0 = -j + 3*d + t + 25. Let k = 47 + -17. Calculate the highest common factor of k and j.
6
Let d be (-2 + 0 - -102) + 6 + -10. Calculate the greatest common factor of 6 and d.
6
Let k = -13 + 19. Let v = -30 + 44. Let o be v/6 + (-2)/(-3). Calculate the greatest common divisor of k and o.
3
Let n = -45 - -101. Let k = n - 34. Calculate the highest common factor of k and 55.
11
Let t be -27 - 3/6*2. Let v = -13 - t. Calculate the greatest common factor of 10 and v.
5
Suppose -p + 106 = 4*q, -4*q + p = -p - 112. Calculate the greatest common factor of 63 and q.
9
Let t be (-15 + -5 + 7)/(2/(-10)). Calculate the greatest common divisor of 5 and t.
5
Let b = 47 + -92. Let h = b - -77. Calculate the highest common factor of 8 and h.
8
Let h(d) = -12*d**2 + d + 1. Let c be h(-1). Let m = -3 - c. Calculate the highest common factor of 9 and m.
9
Let w be ((-18)/30)/(1/(-15)). Calculate the greatest common divisor of 18 and w.
9
Suppose -80 = 5*v + 100. Let a = 56 + v. What is the greatest common divisor of a and 30?
10
Suppose -4*n + 3 = -5. What is the greatest common factor of n and 16?
2
Let k(l) = -l**2 - 6*l - 5. Let f be k(-5). Suppose 0 = -5*m - 0*h - 2*h + 40, 5*h + 25 = f. Calculate the highest common factor of 90 and m.
10
Suppose -5*w + g = -519, -5*w + 2*g - 4*g = -522. Calculate the greatest common factor of w and 26.
26
Suppose -4*b + 61 = 21. What is the greatest common divisor of b and 10?
10
Suppose 3*p - 3*g = 2*g + 38, 3*p = -3*g + 30. What is the highest common divisor of p and 22?
11
Let c be (-2 - -2) + 4 + -1. Let y = 46 - 48. Let d = y + c. Calculate the highest common divisor of 5 and d.
1
Let p be (-57)/(4/8*-3). Calculate the greatest common factor of p and 266.
38
Let j(o) = -5*o**3 - 9*o**2 + 2*o + 4. Let q be j(-3). Calculate the highest common divisor of q and 182.
26
Let q be ((6 - 0)/1)/(18/228). What is the greatest common factor of 4 and q?
4
Suppose d - 28 = -0*d. Suppose r - d = -r. Suppose -3*f = -0*f, -3*q = f - 84. What is the highest common factor of q and r?
14
Suppose -3*s = 15 + 3. Let r = s + 8. Let l be (-5 - -3) + 0 + 20. Calculate the highest common factor of l and r.
2
Let y = 33 - 32. Calculate the greatest common factor of 8 and y.
1
Let b(u) = -u**3 - 5*u**2 - 4*u - 10. Let z be b(-5). Calculate the highest common divisor of 80 and z.
10
Let z(d) = -5*d + 1. Let s be z(-1). Suppose -2*y = -s*y + 20. Calculate the highest common factor of y and 45.
5
Let m = 115 - 31. What is the highest common factor of m and 12?
12
Let m be 1/(-1)*183/3. Let z = 30 - m. Suppose -3*y = -y - 26. What is the highest common divisor of y and z?
13
Let p be 12/(-8) - (-53)/2. Suppose -y - 12 = -2*x + p, -5*x + 90 = -3*y. Let b be 6/3 - (-61 + 0). What is the greatest common factor of x and b?
21
Let b(l) = 3*l**3 + 3*l**2 - 3*l. Let t be b(3). Let u = -13 + 24. What is the highest common factor of t and u?
11
Let k(v) = v**3 + 6*v**2 - 7*v - 4. Let s be k(-5). Suppose 19 = 3*h - 2*h. Let q be (-4)/(-10)*(h - -1). Calculate the greatest common divisor of s and q.
8
Suppose -5*b - 7*k + 25 = -2*k, 5*k - 25 = 0. Suppose -40 = 2*x - 6*x. Suppose -a + x + 12 = b. What is the highest common divisor of a and 11?
11
Let y(b) = -b + 7. Let s be y(-9). Suppose s = 2*j + 2*j. Suppose 5*f - 19 = j*f. Calculate the greatest common divisor of 38 and f.
19
Suppose 0 = -b + 2*m - 3*m, 2*m = 0. Suppose -90 = -b*c - 3*c. Suppose 3*s + 5 = -2*p + 35, -p - 5*s + 22 = 0. Calculate the highest common factor of c and p.
6
Let d(j) = -j - 9. Let s be d(7). Let w be s/(-24) + 326/6. Suppose 3*c - 2 = -l, -l - 2*c + 0 = -3. What is the greatest common divisor of w and l?
5
Suppose 0 = 5*m - 3*m - 3*u - 238, -2*m + 234 = -5*u. Let o = 174 - m. Calculate the greatest common divisor of o and 13.
13
Suppose -7 = -3*w + 2. Let t be 27*((-2)/2)/(-1). Calculate the highest common divisor of w and t.
3
Suppose 3*w - 8 = 1. What is the greatest common divisor of w and 4?
1
Let k(y) = 9*y**2 - 2*y + 3. Let z be k(2). Let t = z + -23. Let g = -42 + 138. What is the greatest common factor of t and g?
12
Let f = 8 - -388. What is the greatest common factor of f and 36?
36
Suppose 0 = -2*a + 7*a - 10. Suppose -3*y + 6 = 0, -a*l + 74 = -4*y + y. Calculate the highest common divisor of 8 and l.
8
Let l(n) = -10*n**3 - 3*n - 3. Let z be l(-2). Let w = -56 + z. What is the greatest common divisor of 243 and w?
27
Let f = -31 + 17. Let w be 220/14 - 4/f. Suppose -2*t + 26 = -w. Calculate the greatest common divisor of t and 14.
7
Let s be 30/4*(-8)/(-6). Calculate the greatest common divisor of s and 20.
10
Let r(v) = 4*v**2 - 1. Let x be r(-1). Let k be (-3 - 0)/x + 22. Calculate the greatest common divisor of 63 and k.
21
Let h(l) = 605*l. Let k be h(1). Suppose k = 5*m - 0. Let p = 36 - 25. What is the greatest common divisor of m and p?
11
Suppose -4*c = -2*y + 14, -16 = 5*c - 6. Suppose y*t - 31 = -7. What is the highest common divisor of t and 32?
8
Suppose -48 = -o - 36. Suppose 108 = 2*p - p. What is the greatest common divisor of p and o?
12
Let l be (-7 + 1)/3 - 0. Let s be 1 + l/2 + -1. Let h = s - -5. Calculate the highest common divisor of h and 16.
4
Suppose 5*p - 12 = 2*p. Suppose -p*j - 3*t + 404 = 0, -4*t = 3*j - 3*t - 308. Suppose j = s + 3*s. What is the highest common factor of s and 39?
13
Let v(l) = -5 - 2*l + 8 - 1. Let h be v(-10). What is the highest common factor of h and 66?
22
Let m be 4*-2*2/(-4). Suppose -m*n = l - 10, -n + 13 = -4*l - l. Let v = -2 - -8. Calculate the highest common factor of n and v.
3
Let j = -36 - -72. Suppose -5*o = -2*o - j. Suppose 0 = 5*z - y - 41, -4*z - 2*y + 3 = -27. Calculate the highest common divisor of z and o.
4
Let x = 64 - 136. Let i be x/(-5 - -2) + -3. Let h(t) = t**3 + 5*t**2 - 3*t - 1. Let z be h(-5). What is the greatest common factor of z and i?
7
Let w = 181 -